{"id":15165,"date":"2023-01-15T22:39:06","date_gmt":"2023-01-15T21:39:06","guid":{"rendered":"https:\/\/asso-emile.org\/communication\/?post_type=product&#038;p=15165"},"modified":"2023-11-08T22:59:31","modified_gmt":"2023-11-08T21:59:31","slug":"les-loups-du-verdon","status":"publish","type":"product","link":"https:\/\/asso-emile.org\/communication\/produit\/les-loups-du-verdon\/","title":{"rendered":"Les Loups du Verdon"},"content":{"rendered":"<p>De G\u00e9rard Piel<\/p>\n<p>Du Haut-Verdon \u00e0 l\u2019Argentine de la junte et de la Coupe du monde de football 78, de l\u2019Espagne de Franco au minist\u00e8re de l\u2019Environnement, l\u2019auteur vous fera d\u00e9couvrir des personnages attachants et inqui\u00e9tants.<\/p>\n<p>\u00ab Les Loups du Verdon \u00bb tiennent une place particuli\u00e8re dans la saga de la BRI du capitaine Maris. L\u2019auteur a invent\u00e9 un nouveau village Bellerives-Villars car il aime trop les habitants du Haut-Verdon pour les faire souffrir.<\/p>\n","protected":false},"excerpt":{"rendered":"<p>Cette r\u00e9\u00e9dition \u00ab Les Loups du Verdon \u00bb fera le bonheur des nouveaux et anciens lecteurs de G\u00e9rard Piel. Un roman noir o\u00f9 l\u2019humour n\u2019est jamais tr\u00e8s loin, des meurtres en s\u00e9rie dans le Haut-Verdon avec ses d\u00e9cors sublimes, montagnes, lacs, rivi\u00e8res qui sont autant de personnages pr\u00e9sents comme les loups. Et si la b\u00eate n\u2019\u00e9tait pas celle que l\u2019on croit.<\/p>\n","protected":false},"featured_media":15166,"comment_status":"open","ping_status":"closed","template":"","meta":[],"product_brand":[],"product_cat":[20],"product_tag":[28],"class_list":{"0":"post-15165","1":"product","2":"type-product","3":"status-publish","4":"has-post-thumbnail","6":"product_cat-livres","7":"product_tag-beaux-livres","8":"post","9":"post-with-thumbnail","10":"post-with-thumbnail-large","12":"first","13":"instock","14":"shipping-taxable","15":"purchasable","16":"product-type-simple"},"_links":{"self":[{"href":"https:\/\/asso-emile.org\/communication\/wp-json\/wp\/v2\/product\/15165","targetHints":{"allow":["GET"]}}],"collection":[{"href":"https:\/\/asso-emile.org\/communication\/wp-json\/wp\/v2\/product"}],"about":[{"href":"https:\/\/asso-emile.org\/communication\/wp-json\/wp\/v2\/types\/product"}],"replies":[{"embeddable":true,"href":"https:\/\/asso-emile.org\/communication\/wp-json\/wp\/v2\/comments?post=15165"}],"wp:featuredmedia":[{"embeddable":true,"href":"https:\/\/asso-emile.org\/communication\/wp-json\/wp\/v2\/media\/15166"}],"wp:attachment":[{"href":"https:\/\/asso-emile.org\/communication\/wp-json\/wp\/v2\/media?parent=15165"}],"wp:term":[{"taxonomy":"product_brand","embeddable":true,"href":"https:\/\/asso-emile.org\/communication\/wp-json\/wp\/v2\/product_brand?post=15165"},{"taxonomy":"product_cat","embeddable":true,"href":"https:\/\/asso-emile.org\/communication\/wp-json\/wp\/v2\/product_cat?post=15165"},{"taxonomy":"product_tag","embeddable":true,"href":"https:\/\/asso-emile.org\/communication\/wp-json\/wp\/v2\/product_tag?post=15165"}],"curies":[{"name":"wp","href":"https:\/\/api.w.org\/{rel}","templated":true}]}}