{"id":15158,"date":"2022-08-25T18:38:44","date_gmt":"2022-08-25T16:38:44","guid":{"rendered":"https:\/\/asso-emile.org\/communication\/?post_type=product&#038;p=15158"},"modified":"2023-11-08T22:19:14","modified_gmt":"2023-11-08T21:19:14","slug":"lanticipation-communiste","status":"publish","type":"product","link":"https:\/\/asso-emile.org\/communication\/produit\/lanticipation-communiste\/","title":{"rendered":"L&rsquo;Anticipation Communiste"},"content":{"rendered":"<p>Environnementaliste, Po\u00e8te, Essayiste, Andr\u00e9 Prone a \u00e9crit de nombreux recueils de po\u00e9sie, essais, ouvrages scientifiques et dirig\u00e9 le livre collectif \u00ab L\u2019autre voie pour l\u2019humanit\u00e9, 100 intellectuels s\u2019engagent pour un post-capitalisme \u00bb. Il a propos\u00e9 la th\u00e9orie \u00e9comuniste en 2012 et a \u00e9t\u00e9 Directeur du consortium de recherche franco-tha\u00eflandais \u00ab Sols tropicaux et m\u00e9diterran\u00e9ens \u00bb, laboratoire de chimie de l\u2019environnement \u00e0 l\u2019Universit\u00e9 d\u2019Aix-Marseille. Il pr\u00e9side le conseil scientifique du Mouvement National de Lutte pour l\u2019Environnement R\u00e9seau Homme&amp;Nature et milite \u00e0 l\u2019Institut d\u2019Histoire Sociale CGT.<\/p>\n<p>Illustration de couverture : collage de l\u2019auteur<br \/>\nSurgissement du bon et du beau autour et dans l\u2019ar\u00e8ne du capital.<\/p>\n","protected":false},"excerpt":{"rendered":"<p>Dans la lign\u00e9e des penseurs du 21e si\u00e8cle qui proposent une autre voie pour l\u2019humanit\u00e9, Andr\u00e9 Prone est n\u00e9anmoins conscient que dire le vrai sur la civilisation du fascisant capital-cognitif et de l\u2019ins\u00e9curit\u00e9 environnementale ou chercher \u00e0 gagner le pouvoir par le haut, ne peut suffire \u00e0 cr\u00e9er l\u2019app\u00e9tit des \u00ab masses \u00bb pour un profond changement de soci\u00e9t\u00e9. Dans l\u2019impossibilit\u00e9 de conna\u00eetre pr\u00e9cis\u00e9ment l\u2019instant T, n\u00e9anmoins imminent, de la conjoncture paroxysmique cons\u00e9cutive au capitalisme de la s\u00e9duction\/destruction, il associe \u00e0 sa <em>Praxis \u00e9comuniste<\/em> le concept <em>d\u2019anticipation communiste<\/em> porteur d\u2019une r\u00e9organisation totale des liens sociaux et dont la vis\u00e9e s\u2019appuie sur le d\u00e9veloppement d\u2019une contre-culture politique qui, partant du fonctionnement et des contradictions du capital, permet d\u2019avancer des bases pratiques d\u2019actions et d\u2019id\u00e9es interactives nous permettant d\u2019en sortir. Ainsi, gr\u00e2ce \u00e0 cette matrice r\u00e9volutionnaire novatrice, s\u2019organise un bloc de force cultivant le jardin de la libre association collective et ouvrant le chemin \u00e0 un long processus communiste.<br \/>\nPar ailleurs, tout en int\u00e9grant <em>la pens\u00e9e scientifique du complexe<\/em> \u00e0 sa vis\u00e9e \u00e9mancipatrice, il prolonge les th\u00e9ories philosophiques de <em>La raison d\u00e9sirable<\/em> chez Spinoza, le <em>Principe esp\u00e9rance<\/em> d\u2019Ernst Bloch et l\u2019id\u00e9e du <em>Bonheur commun<\/em> avanc\u00e9e par la constitution de 1793, pour forger un <em>imaginaire fertile<\/em> qui s\u2019invite au pr\u00e9sent afin de nous aider \u00e0 construire la soci\u00e9t\u00e9 des citoyens\/ producteurs du bon et du beau.<\/p>\n","protected":false},"featured_media":15160,"comment_status":"open","ping_status":"closed","template":"","meta":[],"product_brand":[],"product_cat":[20],"product_tag":[28],"class_list":{"0":"post-15158","1":"product","2":"type-product","3":"status-publish","4":"has-post-thumbnail","6":"product_cat-livres","7":"product_tag-beaux-livres","8":"post","9":"post-with-thumbnail","10":"post-with-thumbnail-large","12":"first","13":"instock","14":"shipping-taxable","15":"purchasable","16":"product-type-simple"},"_links":{"self":[{"href":"https:\/\/asso-emile.org\/communication\/wp-json\/wp\/v2\/product\/15158","targetHints":{"allow":["GET"]}}],"collection":[{"href":"https:\/\/asso-emile.org\/communication\/wp-json\/wp\/v2\/product"}],"about":[{"href":"https:\/\/asso-emile.org\/communication\/wp-json\/wp\/v2\/types\/product"}],"replies":[{"embeddable":true,"href":"https:\/\/asso-emile.org\/communication\/wp-json\/wp\/v2\/comments?post=15158"}],"wp:featuredmedia":[{"embeddable":true,"href":"https:\/\/asso-emile.org\/communication\/wp-json\/wp\/v2\/media\/15160"}],"wp:attachment":[{"href":"https:\/\/asso-emile.org\/communication\/wp-json\/wp\/v2\/media?parent=15158"}],"wp:term":[{"taxonomy":"product_brand","embeddable":true,"href":"https:\/\/asso-emile.org\/communication\/wp-json\/wp\/v2\/product_brand?post=15158"},{"taxonomy":"product_cat","embeddable":true,"href":"https:\/\/asso-emile.org\/communication\/wp-json\/wp\/v2\/product_cat?post=15158"},{"taxonomy":"product_tag","embeddable":true,"href":"https:\/\/asso-emile.org\/communication\/wp-json\/wp\/v2\/product_tag?post=15158"}],"curies":[{"name":"wp","href":"https:\/\/api.w.org\/{rel}","templated":true}]}}